 remainder when 22 is divided by y?
6
Let u = -88 - -123. What is the remainder when u is divided by 12?
11
Let a = 55 + -27. Let w(d) = 14*d**2 - d + 3. Let x(j) = -41*j**2 + 3*j - 8. Let y(p) = -8*w(p) - 3*x(p). Calculate the remainder when a is divided by y(1).
8
Let t be (-4)/(12/33) - -2. Calculate the remainder when 904/18 - (-2)/t is divided by (-1)/((-3)/78*2).
11
Let a be (2 + (-5 - -2))/(-1). Let l be (-2)/(-4)*0/a. Suppose l = -r + 5, -f + 5*r = -5*f + 57. What is the remainder when 23 is divided by f?
7
Let n(h) = -h**2 + 46. Let a(q) = q**2 - 12*q - 1. Calculate the remainder when n(0) is divided by a(13).
10
Suppose 4*c = -0 + 8. Suppose 5*l + 5 = -5*n, -c*l + 0 = -2*n + 14. Calculate the remainder when n is divided by 1.
0
Let y = 2 - 10. What is the remainder when 11/2*(y - -14) is divided by 9?
6
Let h = -3 + 1. Calculate the remainder when 14 is divided by 3 + (h + 4 - 0).
4
Let n(a) = a**2 + a + 8. Calculate the remainder when 111 is divided by n(-5).
27
Let v be ((-64)/(-2))/(5/(-30)). Let a = v + 276. Suppose 0*f - 4*f = -a. Calculate the remainder when 41 is divided by f.
20
Let q(x) = -x**2 + 17*x - 26. Calculate the remainder when q(11) is divided by 21.
19
Let p(j) = j**3 - 9*j**2 - 11*j + 20. Calculate the remainder when p(10) is divided by 3.
1
Let h = 3 + -9. Calculate the remainder when h/(-6) + 1*31 is divided by 11.
10
Let h be 3 + 0 + -2 + 45. Let r = -14 + h. Calculate the remainder when r is divided by 11.
10
Let z = -42 + 60. Let r(u) be the third derivative of 3*u**5/20 - u**4/6 + u**3/6 - 7*u**2. What is the remainder when r(3) is divided by z?
16
Let f = 29 + -23. What is the remainder when 17 is divided by f?
5
Let m(q) = q**2 + 29. What is the remainder when m(5) is divided by (8/(-10))/((-2)/35)?
12
Let g = -8 - -13. Let l(h) = -34*h - 4. Let m be l(g). Let x = -121 - m. What is the remainder when x is divided by 18?
17
Suppose -20 = 4*i - 9*i. Suppose -149 = -4*h - 5*o, -3*h - i*o = -2*h - 51. Calculate the remainder when h is divided by 8.
7
Let y(l) = -l**3 - 6*l**2 - l + 2. What is the remainder when 21 is divided by y(-6)?
5
Let f = 107 - 95. Calculate the remainder when f is divided by 7.
5
Suppose -4*l + 93 - 21 = 4*a, 4*a - 46 = -2*l. Calculate the remainder when ((-10)/4 + 2)*-76 is divided by l.
12
Let d be (1/(-2))/(1/2). Let c = 6 + d. Calculate the remainder when 1*-1 + 1 - -8 is divided by c.
3
Suppose 0 = 21*b + 1115 - 2963. Calculate the remainder when b is divided by 13.
10
Let s(n) = -n**2 - 1. Let i(w) = 11*w**2 - w. Let t(o) = i(o) + s(o). Let r(b) = -2*b**2 + 1. Let h be r(-1). What is the remainder when 38 is divided by t(h)?
8
Let b(w) = -w**3 - 4*w**2 - 4*w + 5. Calculate the remainder when b(-6) is divided by 26.
23
Suppose -13 + 1 = -4*a. What is the remainder when 9 is divided by a?
0
Suppose -16 + 1 = -5*n. Suppose 3*o = 4*a - 83, n*a + 0*a + 2*o = 75. What is the remainder when a is divided by ((-13)/2)/(2/(-4))?
10
Let k(m) = 7*m + 4 - 3 + 10*m - 2. What is the remainder when ((-138)/9)/((-2)/6) is divided by k(1)?
14
Let g(r) = 2*r**2 + r + 93. What is the remainder when g(0) is divided by 19?
17
Let d be (-1 - -33)/4 - 4. Suppose d*z - 35 = -3. Calculate the remainder when 28 is divided by z.
4
Let c(t) = t**3 + 6*t**2 - 8*t - 4. Let o be c(-7). Suppose 3*u - h + o*h - 36 = 0, -h = 3. What is the remainder when u is divided by 4?
2
Let w = -9 - -26. Let z = -59 - -65. Calculate the remainder when w is divided by z.
5
Let n be ((-70)/(-56))/((-1)/(-4)). Suppose -u + 4*j + 61 = 0, 4*u + n*j = -u + 280. What is the remainder when u is divided by 15?
12
Suppose -5*u = 4*y - 18 - 37, -u + 30 = -3*y. Calculate the remainder when u is divided by 12.
3
Let y be 26 - (-4 - 5/(-1)). Suppose 0*n - 5*c = 5*n - y, c - 33 = -5*n. What is the remainder when 13 is divided by n?
6
Suppose 116 = 5*g - 89. What is the remainder when g is divided by 14?
13
Suppose 0 = 5*x - 29 + 9. Suppose -5*z = -0*z - 2*y - 4, x*y = 12. Let j = -7 - -9. What is the remainder when j is divided by z?
0
Suppose -4*j = 3*t - 0*j + 100, -3*t - 2*j = 98. Let v = 81 + t. What is the remainder when v is divided by 10?
9
Suppose 0*g = -2*z + 2*g + 66, 3*z = g + 97. Suppose 22 = -0*t + 2*t. What is the remainder when z is divided by t?
10
Calculate the remainder when 20 + (5 - (1 + 2)) is divided by (-8)/(((-2)/(-1))/(-2)).
6
Suppose 2*l + 2*l = 0. Suppose l*d + 2 = d. What is the remainder when (-4 + d)*(-57)/6 is divided by 7?
5
Suppose -5*x + u = -15, 0 = -x - 5*u - 0*u - 23. Suppose x*s = -2*k + 30, -70 = -3*k + 5*s - 9. What is the remainder when k is divided by 10?
7
Let j(x) = x**2 - 3*x + 8. What is the remainder when 102 is divided by j(6)?
24
Let x = 119 + -82. What is the remainder when x is divided by 19?
18
Let n be (-40)/(-12)*(-6)/(-5). Suppose n*s - d = 171, 0 = -4*s - 4*d + 95 + 81. Suppose s + 25 = 4*b. Calculate the remainder when 33 is divided by b.
16
Let z = 40 + -27. What is the remainder when 25 is divided by z?
12
Calculate the remainder when 2 + (1 - 3 - -46) is divided by 12.
10
Let g(z) = z**2 + 5*z - 2. Suppose l + 5*i - 12 = 0, 2*l = 3*l - 3*i - 4. Let y = -14 + l. What is the remainder when 22 is divided by g(y)?
10
Let d(z) = 18*z**2 - 2*z + 1. Let j(i) = -3*i - 2. Let q be j(-6). Let l = -10 + q. Calculate the remainder when d(1) is divided by l.
5
Let b be (12/16)/((-2)/(-8)). Suppose b*y + 16 = 85. Let g = -15 + 23. What is the remainder when y is divided by g?
7
Let m(r) = 48*r**3 + 2*r**2 - 3*r + 2. Let i(d) = -145*d**3 - 6*d**2 + 9*d - 6. Let j(u) = 2*i(u) + 7*m(u). Calculate the remainder when j(1) is divided by 16.
15
Let n(r) = r**3 - 7*r**2 + 6. Calculate the remainder when 21 is divided by n(7).
3
Suppose -5*u + 3*q = -2*q - 335, -u + 59 = 3*q. What is the remainder when u is divided by 22?
21
Suppose 46*j = 44*j + 26. Calculate the remainder when 60 is divided by j.
8
Let b(d) = -d**3 + 8*d**2 + d + 1. Calculate the remainder when 17 is divided by b(8).
8
Let i(j) be the first derivative of j**3/6 + j**2 - j - 2. Let f(z) be the first derivative of i(z). What is the remainder when 26 is divided by f(7)?
8
Let u = 17 - 15. What is the remainder when 12 is divided by u?
0
Let a = 2 + 1. Suppose 0 = g - 2 - 2. Suppose 0 = -q - q + g. Calculate the remainder when a is divided by q.
1
Suppose 5*i - 2*i - 2*w = 98, -38 = -i + 2*w. What is the remainder when i is divided by 11?
8
Suppose -4*v = 4*c - 44, v + 25 = 6*v - c. Let o(b) = -2*b**3 - 5*b**2 + 2*b + 19. What is the remainder when o(-3) is divided by v?
4
What is the remainder when (-7)/(-70) - 279/(-10) is divided by (-30)/(1 + 0 + -3)?
13
Let m = 130 + -86. Let u be 51/2*(-8)/(-3). Suppose 23 = -3*s + u. Calculate the remainder when m is divided by s.
14
What is the remainder when (-955)/(-35) + (-2)/7 is divided by 15?
12
Suppose 63 = 6*s + s. Calculate the remainder when s is divided by 6.
3
Suppose 8 = -0*c + 2*c. Suppose 2*k = 2*x - k - 11, 8 = 3*x + c*k. Suppose 2*t - 3*t = -x. What is the remainder when 7 is divided by t?
3
Suppose 2*t = 5*t. Let u be (-11 - t)/(6/18). Let j = u - -71. What is the remainder when j is divided by 13?
12
Suppose -15 - 30 = -5*f. Calculate the remainder when f is divided by 4.
1
Let l(x) = -x**3 + 7*x**2 - 4*x - 8. Let q be l(6). Suppose 3 = n - j, -12 = -4*n - 2*j + q*j. Calculate the remainder when 10 is divided by n.
1
Let c be (-4)/6 - (-16)/6. Calculate the remainder when 2/(-1) + 60/c is divided by 46/4 - (-3)/(-2).
8
Let s = -12 + 24. What is the remainder when 83 is divided by s?
11
Suppose 2*y - a = 156, -3*y - a + 169 = -70. Calculate the remainder when y is divided by (-12)/10*(-50)/3.
19
Let d = -22 - 12. Let k = 47 + d. What is the remainder when k is divided by 7?
6
Suppose -t + 9 = 3. Suppose 2*k - t = 0, -2*k + 6 = -n - 1. What is the remainder when 32 is divided by ((-24)/(-2) + n)*1?
10
Let t(g) = -g + 16. Calculate the remainder when t(-5) is divided by 12.
9
Calculate the remainder when 102 is divided by (40/12 + -3)*63.
18
Let q = -2 - -6. Suppose 2*z = -2*y + 22, 3*z + 4*y = -0*y + 33. What is the remainder when z is divided by q?
3
Let g = 9 - 5. Suppose -17 = g*v - 37. Suppose -3*c + 7 = -6*a + 2*a, -19 = -c - 2*a. Calculate the remainder when c is divided 